he remainder when 158786 is divided by 97?
94
Calculate the remainder when 161954 is divided by 54.
8
What is the remainder when 11414 is divided by 118?
86
What is the remainder when 268838 is divided by 496?
6
Calculate the remainder when 3588 is divided by 952.
732
Calculate the remainder when 402712 is divided by 38.
26
Calculate the remainder when 3171 is divided by 887.
510
Calculate the remainder when 3103 is divided by 3102.
1
Calculate the remainder when 6402 is divided by 516.
210
Calculate the remainder when 13017 is divided by 106.
85
What is the remainder when 29492 is divided by 22?
12
Calculate the remainder when 4567849 is divided by 217.
216
Calculate the remainder when 1013 is divided by 35.
33
What is the remainder when 15107 is divided by 236?
3
What is the remainder when 629086 is divided by 215?
211
What is the remainder when 18302 is divided by 176?
174
Calculate the remainder when 5264 is divided by 135.
134
What is the remainder when 8179 is divided by 589?
522
What is the remainder when 481 is divided by 191?
99
Calculate the remainder when 164555 is divided by 164548.
7
What is the remainder when 1497 is divided by 215?
207
Calculate the remainder when 5100 is divided by 29.
25
Calculate the remainder when 13176 is divided by 3289.
20
What is the remainder when 1408 is divided by 505?
398
What is the remainder when 9894 is divided by 299?
27
Calculate the remainder when 76899 is divided by 1753.
1520
Calculate the remainder when 2940494 is divided by 16.
14
Calculate the remainder when 357843 is divided by 548.
547
What is the remainder when 175828 is divided by 2376?
4
What is the remainder when 8058 is divided by 746?
598
What is the remainder when 606318 is divided by 143?
141
Calculate the remainder when 24485 is divided by 74.
65
Calculate the remainder when 4767 is divided by 343.
308
Calculate the remainder when 47935 is divided by 69.
49
What is the remainder when 1037664 is divided by 1162?
1160
Calculate the remainder when 7640 is divided by 3811.
18
What is the remainder when 9482 is divided by 9479?
3
What is the remainder when 51628 is divided by 25798?
32
Calculate the remainder when 12793 is divided by 533.
1
What is the remainder when 68006 is divided by 16997?
18
What is the remainder when 66303 is divided by 28?
27
What is the remainder when 6483 is divided by 1461?
639
What is the remainder when 177858 is divided by 25404?
30
Calculate the remainder when 109173 is divided by 17.
16
Calculate the remainder when 80975 is divided by 8096.
15
Calculate the remainder when 432108 is divided by 35.
33
Calculate the remainder when 606698 is divided by 10.
8
What is the remainder when 814 is divided by 9?
4
What is the remainder when 5356 is divided by 31?
24
Calculate the remainder when 800735 is divided by 211.
201
What is the remainder when 683 is divided by 447?
236
What is the remainder when 2720 is divided by 194?
4
What is the remainder when 2807 is divided by 351?
350
Calculate the remainder when 3649 is divided by 721.
44
Calculate the remainder when 731651 is divided by 76.
75
Calculate the remainder when 5249 is divided by 1713.
110
Calculate the remainder when 4861 is divided by 163.
134
Calculate the remainder when 627 is divided by 85.
32
What is the remainder when 84498 is divided by 617?
586
Calculate the remainder when 17481 is divided by 454.
229
Calculate the remainder when 315378 is divided by 209.
206
What is the remainder when 6711 is divided by 97?
18
Calculate the remainder when 702 is divided by 43.
14
What is the remainder when 24551 is divided by 43?
41
Calculate the remainder when 40051 is divided by 2025.
1576
Calculate the remainder when 1370 is divided by 54.
20
Calculate the remainder when 1694779 is divided by 159.
157
Calculate the remainder when 60508 is divided by 28.
0
What is the remainder when 417386 is divided by 341?
2
Calculate the remainder when 4047 is divided by 1187.
486
Calculate the remainder when 685 is divided by 336.
13
What is the remainder when 38944 is divided by 264?
136
Calculate the remainder when 60194 is divided by 57.
2
What is the remainder when 54682 is divided by 21?
19
Calculate the remainder when 263 is divided by 23.
10
What is the remainder when 5096734 is divided by 153?
151
Calculate the remainder when 3344 is divided by 1046.
206
What is the remainder when 34000 is divided by 629?
34
Calculate the remainder when 26968 is divided by 7.
4
Calculate the remainder when 3661 is divided by 5.
1
What is the remainder when 16182 is divided by 415?
412
What is the remainder when 33286 is divided by 1958?
0
Calculate the remainder when 1241 is divided by 563.
115
Calculate the remainder when 59496 is divided by 16.
8
Calculate the remainder when 483 is divided by 78.
15
Calculate the remainder when 51807 is divided by 32.
31
What is the remainder when 35676 is divided by 781?
531
What is the remainder when 22686 is divided by 32?
30
What is the remainder when 6133 is divided by 245?
8
Calculate the remainder when 3816 is divided by 1908.
0
Calculate the remainder when 1718 is divided by 509.
191
What is the remainder when 3623 is divided by 614?
553
What is the remainder when 2868 is divided by 49?
26
What is the remainder when 573886 is divided by 24?
22
Calculate the remainder when 2249 is divided by 125.
124
What is the remainder when 251159 is divided by 9?
5
Calculate the remainder when 15289 is divided by 7579.
131
What is the remainder when 1187098 is divided by 571?
560
What is the remainder when 546800 is divided by 356?
340
Calculate the remainder when 397 is divided by 290.
107
What is the remainder when 9162 is divided by 1526?
6
What is the remainder when 30793 is divided by 18?
13
What is the remainder when 19686 is divided by 149?
18
What is the remainder when 7650 is divided by 1280?
1250
What is the remainder when 8895 is divided by 2958?
21
What is the remainder when 5960 is divided by 2?
0
What is the remainder when 3955 is divided by 230?
45
Calculate the remainder when 13904 is divided by 627.
110
What is the remainder when 40403 is divided by 5768?
27
What is the remainder when 14037 is divided by 1079?
10
Calculate the remainder when 14291 is divided by 14280.
11
Calculate the remainder when 697778 is divided by 17.
13
What is the remainder when 2902 is divided by 264?
262
Calculate the remainder when 2619 is divided by 21.
15
Calculate the remainder when 484689 is divided by 52.
49
What is the remainder when 9998 is divided by 62?
16
What is the remainder when 112967 is divided by 39?
23
What is the remainder when 586453 is divided by 8?
5
Calculate the remainder when 4451 is divided by 442.
31
What is the remainder when 82637 is divided by 163?
159
Calculate the remainder when 14166 is divided by 75.
66
What is the remainder when 3823 is divided by 3822?
1
What is the remainder when 2246 is divided by 227?
203
What is the remainder when 102294 is divided by 66?
60
What is the remainder when 14553 is divided by 38?
37
What is the remainder when 7379 is divided by 369?
368
Calculate the remainder when 308642 is divided by 40.
2
Calculate the remainder when 217518 is divided by 27177.
102
What is the remainder when 326 is divided by 55?
51
What is the remainder when 52314 is divided by 74?
70
What is the remainder when 154862 is divided by 47?
44
What is the remainder when 24552 is divided by 12270?
12
What is the remainder when 116010 is divided by 1432?
18
What is the remainder when 176024 is divided by 1397?
2
What is the remainder when 420681 is divided by 398?
393
What is the remainder when 4628 is divided by 1541?
5
Calculate the remainder when 96923 is divided by 2016.
155
Calculate the remainder when 5645 is divided by 1115.
70
Calculate the remainder when 8871 is divided by 403.
5
Calculate the remainder when 3564 is divided by 42.
36
What is the remainder when 13209 is divided by 879?
24
Calculate the remainder when 10298 is divided by 855.
38
What is the remainder when 36535 is divided by 45?
40
What is the remainder when 427 is divided by 5?
2
Calculate the remainder when 47573 is divided by 47556.
17
What is the remainder when 4359 is divided by 256?
7
What is the remainder when 68326 is divided by 22774?
4
W